9?
349
Calculate the highest common divisor of 1575 and 6615.
315
Calculate the greatest common factor of 232 and 1589084.
116
Calculate the highest common divisor of 192 and 127552.
64
What is the highest common factor of 11443 and 4?
1
What is the highest common factor of 164373 and 561?
561
Calculate the greatest common divisor of 4625 and 2627.
37
Calculate the highest common divisor of 37680 and 2496.
48
What is the greatest common divisor of 384 and 582?
6
What is the highest common factor of 6161 and 1313?
101
What is the greatest common divisor of 5015011 and 419?
419
Calculate the greatest common divisor of 108108 and 144.
36
What is the greatest common divisor of 8587 and 155?
31
Calculate the greatest common divisor of 940 and 200.
20
Calculate the greatest common factor of 3839 and 4537.
349
What is the greatest common divisor of 186 and 37448?
62
What is the greatest common factor of 36499 and 791?
113
Calculate the highest common divisor of 1306536 and 352.
88
What is the greatest common factor of 2072 and 44?
4
What is the highest common divisor of 10440 and 540?
180
What is the highest common factor of 532 and 178885?
133
What is the greatest common factor of 238 and 374?
34
What is the highest common factor of 1110020 and 40?
20
Calculate the greatest common divisor of 76230 and 350.
70
Calculate the highest common factor of 14576 and 80.
16
What is the highest common divisor of 448 and 4711?
7
Calculate the greatest common divisor of 492 and 1500231.
123
What is the highest common divisor of 2256 and 9984?
48
Calculate the greatest common factor of 34 and 317696.
34
What is the greatest common divisor of 7332 and 7371104?
2444
What is the highest common divisor of 6798 and 3674?
22
Calculate the greatest common divisor of 151578 and 1596.
42
Calculate the highest common factor of 32 and 1648.
16
What is the greatest common divisor of 47935 and 5?
5
Calculate the greatest common factor of 34587 and 18144.
567
What is the highest common factor of 523989 and 135?
27
What is the highest common divisor of 850236 and 12?
12
Calculate the highest common divisor of 6 and 74622.
6
Calculate the greatest common factor of 88273 and 451.
41
What is the highest common factor of 6174 and 144?
18
Calculate the greatest common factor of 10 and 2654210.
10
What is the highest common divisor of 20031 and 108?
3
What is the greatest common divisor of 745967 and 5887?
841
Calculate the highest common divisor of 53234 and 112658.
1238
Calculate the greatest common divisor of 272102 and 906.
302
Calculate the highest common factor of 11 and 1243.
11
Calculate the highest common divisor of 321 and 261187.
107
What is the highest common factor of 649 and 53749?
59
What is the greatest common divisor of 110 and 3212?
22
What is the greatest common divisor of 93813 and 2?
1
Calculate the greatest common factor of 1280 and 2440960.
1280
Calculate the greatest common factor of 99774 and 9522.
414
What is the highest common divisor of 265 and 29?
1
Calculate the highest common factor of 337674 and 337.
337
What is the highest common divisor of 118528 and 48?
16
Calculate the highest common factor of 367 and 1008516.
367
What is the greatest common factor of 319200 and 10260?
1140
What is the highest common factor of 4095 and 254709?
819
Calculate the highest common divisor of 22 and 1199737.
11
What is the highest common divisor of 4024 and 3?
1
Calculate the highest common divisor of 19593 and 3150.
63
Calculate the highest common factor of 684437 and 323.
323
What is the highest common divisor of 520 and 533?
13
What is the greatest common factor of 218 and 509902?
218
Calculate the highest common factor of 321 and 298209.
321
What is the greatest common factor of 4429 and 3708?
103
What is the greatest common divisor of 71500 and 180?
20
What is the highest common divisor of 594 and 261?
9
What is the greatest common divisor of 314 and 79913?
157
Calculate the greatest common factor of 4920320 and 1024.
1024
Calculate the greatest common divisor of 30 and 40060.
10
What is the greatest common factor of 17158 and 598?
46
What is the highest common divisor of 39425 and 1900?
475
What is the greatest common factor of 2813 and 2231?
97
What is the greatest common factor of 209016 and 2232?
72
What is the highest common divisor of 52216 and 41944?
856
Calculate the greatest common divisor of 93583 and 232.
29
What is the greatest common divisor of 38 and 128?
2
Calculate the greatest common factor of 8024 and 289.
17
Calculate the greatest common divisor of 387 and 3933.
9
Calculate the greatest common factor of 3189968 and 16.
16
What is the greatest common divisor of 403767 and 2366?
91
Calculate the highest common factor of 1101 and 2206037.
367
Calculate the highest common divisor of 28392 and 448.
56
Calculate the greatest common factor of 168 and 548968.
56
Calculate the highest common divisor of 20230 and 840990.
2890
What is the highest common divisor of 8 and 1665784?
8
Calculate the greatest common factor of 95778 and 374.
34
What is the highest common divisor of 42 and 6104784?
42
What is the greatest common divisor of 15 and 12695?
5
Calculate the greatest common divisor of 764956 and 12.
4
What is the highest common factor of 2496 and 5808?
48
Calculate the greatest common factor of 350 and 602.
14
Calculate the greatest common factor of 2418 and 12.
6
What is the greatest common divisor of 3848 and 1534?
26
Calculate the highest common divisor of 7488 and 736632.
936
Calculate the highest common divisor of 4190 and 1210.
10
What is the greatest common factor of 12 and 6579?
3
What is the greatest common divisor of 3058924 and 76?
76
What is the highest common divisor of 2277707 and 1138?
569
What is the greatest common divisor of 119411 and 731?
43
Calculate the highest common divisor of 144 and 214101.
9
Calculate the highest common factor of 351 and 74373.
39
Calculate the greatest common factor of 1051723 and 71.
71
What is the greatest common divisor of 10 and 2446415?
5
Calculate the greatest common divisor of 7233528 and 8.
8
Calculate the highest common factor of 26 and 125957.
13
What is the highest common divisor of 551 and 3389752?
551
What is the greatest common factor of 36 and 455391?
9
What is the greatest common factor of 2053007 and 141?
47
What is the greatest common factor of 153909 and 171?
9
Calculate the greatest common factor of 41180 and 60.
20
What is the greatest common divisor of 99456 and 231?
21
Calculate the highest common divisor of 189500 and 8.
4
What is the greatest common divisor of 5773 and 161?
23
What is the greatest common divisor of 13050 and 4930?
290
Calculate the highest common factor of 1852608 and 192.
192
Calculate the greatest common divisor of 299554 and 266.
38
What is the highest common divisor of 77 and 517?
11
What is the greatest common divisor of 385 and 42790?
55
What is the highest common factor of 130 and 100035?
65
What is the highest common factor of 12735 and 180?
45
What is the greatest common factor of 748 and 35666?
34
What is the greatest common factor of 3782 and 305?
61
Calculate the highest common factor of 1620 and 774036.
324
What is the greatest common factor of 24610 and 4278?
46
What is the highest common factor of 73008 and 2080?
208
What is the greatest common divisor of 6 and 134?
2
What is the greatest common divisor of 673552 and 8272?
176
What is the greatest common divisor of 9 and 1027269?
9
Calculate the greatest common divisor of 5379250 and 250.
250
Calculate the highest common factor of 2018641 and 46.
23
What is the highest common divisor of 321249 and 204?
51
Calculate the greatest common factor of 368 and 17411.
23
What is the highest common divisor of 2607 and 1975?
79
What is the highest common divisor of 3423 and 525?
21
What is the highest common factor of 9203420 and 40?
20
Calculate the greatest common factor of 22176 and 2079.
693
Calculate the highest common divisor of 207 and 759.
69
What is the greatest common factor of 288 and 6472?
8
Calculate the highest common divisor of 1763 and 731.
43
What is the greatest common factor of 26659 and 424?
53
Calculate the greatest common factor of 21620 and 48760.
460
Calculate the highest common divisor 